 be q(-2). Let j = 3 + x. Suppose -j*p = -s + 32, 5*s - 55 = -5*p + 4*p. List the prime factors of s.
2, 3
Suppose 0 = 4*j - 2*v - 270, -j + 35 = -2*v - 25. List the prime factors of j.
2, 5, 7
What are the prime factors of (-6)/(-10) - (-963)/45?
2, 11
Suppose -2*n + 94 = -0*n. What are the prime factors of n?
47
Let g(b) = -b**3 + b**2 + 121. Let m be g(0). Suppose 2*w = -17 + m. List the prime factors of w.
2, 13
Let d = 5 + -1. Suppose 3*c - 5*k = -0*k + 83, -d*k + 20 = 0. List the prime factors of c.
2, 3
Let t be (0 - -256) + 1 + -1. Let i be (-8)/36 - t/(-18). Suppose 3*h = -3*g - 9, -3*g + 2*h + 2 + i = 0. List the prime factors of g.
2
Suppose -4*a + 4 = 16. Let c be 1*(0 - 2)*8. Let p = a - c. List the prime factors of p.
13
Suppose 2*n = -2*n - 2*i + 774, 3*n - 3*i - 585 = 0. What are the prime factors of n?
2, 97
Let f(i) = i + 1. Let t(c) = -c - 1. Let a(k) = 3*f(k) + 2*t(k). List the prime factors of a(3).
2
Let g = 116 + -71. Suppose 3*x = 4*n + 39 + g, 3*x = -3*n + 63. List the prime factors of x.
2, 3
Suppose -t + 1280 = 4*t. What are the prime factors of t?
2
Let k(z) = 3*z**3 + 5 - 2*z**3 - 2*z - 2*z**2 + 0*z**3 - 3. Let y be k(4). Suppose 3*r - a - y = 0, r - 3 = 5*a - 13. List the prime factors of r.
2, 5
Suppose 3*a - 3*k = -9, 5*a = -0*k - 4*k - 24. List the prime factors of 42 - a/(-4 + 0).
41
Let u = 8 + -17. Let v(t) = -3 + 3*t + 2 - 3*t - t. What are the prime factors of v(u)?
2
Suppose 7 = -5*y + 22. Suppose -y*v - 2 = -26. What are the prime factors of v?
2
Suppose -5*h + 171 - 57 = 4*s, 4*s = -h + 26. Let r(a) = -a**3 - 8*a**2 - 5*a + 4. Let o be r(-7). Let y = h + o. List the prime factors of y.
2, 3
Let v(p) = p + 45. What are the prime factors of v(0)?
3, 5
Suppose -2*c - 136 + 25 = -3*f, 0 = c - 3. Suppose -2*v = 5*r - 25, 5*v + f = 3*r - r. What are the prime factors of r?
7
List the prime factors of 114/4*(-20)/(-15).
2, 19
Suppose 5*b - 6 = 3*b. Suppose -4*f - 5*u = -100, f + 2*f = b*u + 102. What are the prime factors of f?
2, 3, 5
Let z be -6*22*(-4)/24. List the prime factors of 517/z + 6/(-4).
2, 11
Suppose -4*o = -3*x + 180, 3*o = -x - 1 + 48. List the prime factors of x.
2, 7
Let a = 20 + -11. List the prime factors of a.
3
Let t(q) = -q**3 + q**2 + q - 1. Let s(k) = k**3. Let n(g) = 6*s(g) - t(g). Let o be n(1). Suppose z - o*z = -65. What are the prime factors of z?
13
Suppose -s = -5*s + 16. Let o(v) = v**3 - 5*v**2 + 5*v + 1. Let f be o(s). Suppose 27 = -2*u + f*u. What are the prime factors of u?
3
Suppose 4*k + 9 = -3. Let d = k - -5. What are the prime factors of (-1)/((-2)/28*d)?
7
Let g = 29 - 7. List the prime factors of g.
2, 11
Suppose -4*f + 129 = -f. List the prime factors of f.
43
Suppose -8 = -f - 6. Suppose 5*r + 110 = 5*z, 0 = -2*r + 2 + f. What are the prime factors of z?
2, 3
Let d(i) = -i - 1. Suppose -4*y + 0*y - 16 = 0. Let z be d(y). Suppose -30 = -z*c - 0*c. List the prime factors of c.
2, 5
Let p be (-15)/(-1)*5/15. Suppose p*j + 11 = 31. What are the prime factors of j?
2
List the prime factors of 6 - 8 - -78*1.
2, 19
Let f(k) = k**3 + 7*k**2 + 10. Let i be f(-6). Let g(w) = 28*w**3 - 2*w**2 + 1. Let a be g(1). Let p = i - a. What are the prime factors of p?
19
Let k(p) = -p**2 - 8*p - 4. Let g(r) = r**2 - r. Let z be g(1). Let w = -5 + z. List the prime factors of k(w).
11
List the prime factors of (2/(-8))/(10/(-16))*115.
2, 23
Suppose -2*v = n - 18 - 58, 5*n + 3*v = 415. List the prime factors of (-4)/(-6) - n/(-6).
3, 5
Let g(k) = 19*k - 46. List the prime factors of g(5).
7
List the prime factors of 5864/32 - 1/4.
3, 61
Let s = 15 - 37. List the prime factors of (-312)/s - 4/22.
2, 7
Suppose 6*v - v = 260. What are the prime factors of v?
2, 13
Let s(c) be the first derivative of c**3/3 - c**2 - 2. Let p = -3 - -1. What are the prime factors of s(p)?
2
Let t be 2/11 + 372/11. Suppose -2*p = -0*p + t. Let r = 34 + p. What are the prime factors of r?
17
Let f(h) be the first derivative of -h**2 - 7*h + 1. Let d be f(-5). Suppose 0 = -d*b + 13 + 23. What are the prime factors of b?
2, 3
Let b = 212 + -107. What are the prime factors of b?
3, 5, 7
Let b be 18/(-8)*2*-32. Suppose b = -5*f - 2*w, -2*w = 3*f + 3*w + 94. What are the prime factors of 2/3 + f/(-12)?
3
Suppose -5*v = -10, -j - 1 = 5*v - 2. Let d(x) = x**2 + 9*x + 3. What are the prime factors of d(j)?
3
Let u = 2 - 4. Let g be u + 0 + 4 + -2. Suppose g = 2*c, -5*d = -0*d + 4*c - 75. List the prime factors of d.
3, 5
Let z = -10 + 14. Suppose u + z*u - 25 = 0. What are the prime factors of u?
5
Let u(y) = -2*y - 6. Let t be (2/4)/((-4)/48). Let p be u(t). Suppose -3*h = -2*h - p. What are the prime factors of h?
2, 3
Let y = -27 + 63. What are the prime factors of y?
2, 3
Suppose -5*n + d + 543 = -279, 0 = 4*d - 12. List the prime factors of n.
3, 5, 11
Let x = -11 + 61. Suppose -2*b = 3*b - 3*h - 40, -5*b + x = -h. What are the prime factors of b?
11
Let y = 4 + 4. Suppose 4*i - 13 = -13. Let x = y - i. What are the prime factors of x?
2
Let f = -23 + 196. Suppose -f + 37 = -4*k. List the prime factors of k.
2, 17
Let x(v) be the first derivative of v**4/4 - 8*v**3/3 + 7*v**2/2 + 10*v + 1. Let a(f) = f**3 - f**2 + 7. Let k be a(0). List the prime factors of x(k).
2, 5
Let y = 10 - 8. Let q = y + 2. List the prime factors of q.
2
Let r(b) = 2*b**2 + 2*b + 2. Let k be 5/(-10)*(-12)/(-1). Let q be r(k). Suppose -5*p + 3*h + q = 0, 0*p = -3*p + 4*h + 46. What are the prime factors of p?
2, 5
Let l = 92 + -63. List the prime factors of l.
29
Let g be (-156)/27 - (-2)/(-9). List the prime factors of ((-8)/g - 2)*-18.
2, 3
Let n(i) = 4*i + 3. List the prime factors of n(13).
5, 11
Let y(c) = c**2 + 2*c - 7. Let r be y(-5). Suppose -2*l + 4 = -r. What are the prime factors of l?
2, 3
Let h(v) be the third derivative of v**5/6 - v**4/6 - v**3/2 - 9*v**2. What are the prime factors of h(-1)?
11
Let v = -7 + 12. Suppose v*l = -0*l + 25. What are the prime factors of l?
5
Let v be (-126)/(-15) + (-4)/10. Suppose 0 = 4*u - 32 + v. Suppose p - 3*r = 19, -3*p + 4*r = -31 - u. List the prime factors of p.
7
List the prime factors of 0 - (0 - -1)/((-20)/2780).
139
Let z(k) = k**2 - 6*k. Let r be z(6). Suppose r = g, b + 3*g - 2 = 7*g. List the prime factors of b.
2
List the prime factors of (124/(-10))/(3/(-15)).
2, 31
Let j be (-1)/3 - (-62)/(-3). What are the prime factors of (-162)/j + (-6)/(-21)?
2
Let f be (-15)/(-3)*(0 - -1). Suppose -5*c = 3*j - 6 - 12, -j + f*c = -26. Let x = -4 + j. List the prime factors of x.
7
Suppose 0 = 16*j - 11*j - 25. List the prime factors of j.
5
Let u(b) = -75*b - 9. Let x(l) = 19*l + 2. Let h(w) = -5*u(w) - 21*x(w). Let j be h(2). Let p = -25 - j. List the prime factors of p.
2, 5
Let g be 1 + -1 - (-1 - -1). Suppose -2*w + 2*r = -6, 4*w + 2*r + r - 33 = g. What are the prime factors of w?
2, 3
Suppose -3*g + 5*v = -2*g + 7, 2*v = -g. Let o be -2 - (-3 + 1 - g). List the prime factors of (-28)/(-6) - o/(-3).
2
Suppose -4*k = -61 + 9. Let s = 16 - k. What are the prime factors of s?
3
Let v = -129 - -239. List the prime factors of v.
2, 5, 11
Let a = -3 + 6. Suppose 2*c - 13 = -5*t, 68 - 20 = a*c - 2*t. List the prime factors of c.
2, 7
Suppose -p + 0*p + 61 = x, p + 107 = 2*x. What are the prime factors of x?
2, 7
Let v(k) = 46*k**2 - 2*k + 1. What are the prime factors of v(1)?
3, 5
Suppose -4*j + 5*p + 421 = -89, j = 3*p + 131. What are the prime factors of j?
5
Let z = -21 + 56. List the prime factors of z.
5, 7
Suppose -3*q + 4*k = -q - 38, 2*k = 6. What are the prime factors of q?
5
Let o = -3 + 5. Let l be (1 - (1 - o))*1. Suppose l*k - 7*k = -10. What are the prime factors of k?
2
Suppose 3*l - 27 = -21. Suppose -y + 34 = l*q, 4*y - 3*q - 50 - 53 = 0. What are the prime factors of y?
2, 7
Suppose -10 = -0*m - 5*m. Let z = 7 - m. Suppose -4*j + 5 = 5*k, 4*k + 5*j = -0 - z. List the prime factors of k.
5
Let f(n) = 2*n + 4. What are the prime factors of f(4)?
2, 3
Let z = -1 + 3. Let r(j) = j**3 - 2*j**2 - 5 + 3*j**2 - 3*j**z - j**2. List the prime factors of r(4).
11
Suppose 0 = -0*l - 5*l - 145. Let u = -9 - l. What are the prime factors of u?
2, 5
Let z = 8 - -25. Suppose 0 = -f - 5*d + 9 + z, f = -2*d + 36. List the prime factors of f.
2
Let j(u) = 7*u**2 - 3*u + 2. List the pri